 -5*x - 3*p - 57 = 0, 23 = -4*p + 7. Let z(y) = -y**3 - 10*y**2 - 9*y - 1. Calculate z(x).
-1
Let h(x) be the third derivative of 1/24*x**4 + 17*x**2 + 0 + 0*x - x**3. Calculate h(6).
0
Let y(q) = -133 + 6*q**2 + 5*q + 58 + 84 - q**3. Let j = -1 - 1. Let v be 2 - (-2 + -1 + j). Calculate y(v).
-5
Let o(s) = 2*s + 4. Let v be (-4)/(-8) - 81/(-6). Let t(r) = r**3 + 9*r**2 - 2*r - 6. Let k be t(-9). Suppose -q + 4*u - v = 0, 0*q + 3*u = q + k. Give o(q).
-8
Let g(a) be the third derivative of a**6/120 - a**5/12 + 2*a**3/3 + 2*a**2. Suppose -8 - 2 = -2*n. Calculate g(n).
4
Let z be 115/(-4) - 9/(-12). Let b = z + 30. Let t(x) = -2*x**b + x**2 + 38 - 7*x - 42. What is t(-5)?
6
Let q = 10 - 17. Let u(j) be the second derivative of -j**4/12 - 5*j**3/6 + 9*j**2/2 - 3*j + 673. Calculate u(q).
-5
Let v(m) = m**3 + 3*m**2 - 5*m + 2. Let i(a) = 4*a + 120. Let p be i(-31). What is v(p)?
6
Let y(p) = 2*p**2 + 1. Let v be y(1). Suppose -5*g - 4*k = 0, v*g - 3*k = 21 + 6. Suppose -g = -2*c - 2*c. Let s(x) = -11*x. Determine s(c).
-11
Let t(k) = -2*k - 1. Suppose 5*x = -6*x + 44. Suppose 32*h - 36*h + x = 0. What is t(h)?
-3
Let q be ((-2)/(-4))/(2/(-28)). Let n(u) = -u**2 - 16*u - 3. Let c(w) = -2*w**2 - 34*w - 6. Let x(r) = 4*c(r) - 9*n(r). Calculate x(q).
-4
Let g(k) = 6*k - 4. Let j be g(4). Let q be (2/4)/((-2)/j). Let f(x) = 3 + 2*x - 13 + 11. Calculate f(q).
-9
Let s(v) = 7*v - 5. Let q(o) = -7*o + 3. Let a(d) = -3*d + 1. Let z(l) = -5*a(l) + 3*q(l). Let t(w) = -3*s(w) - 4*z(w). Give t(1).
2
Let x(t) be the second derivative of t**8/6720 + t**7/280 + t**5/20 + t**4/3 + 4*t. Let n(j) be the third derivative of x(j). Give n(-9).
6
Let k(g) = -g**2 - 4*g - 3. Let d = -262 + 256. Determine k(d).
-15
Let z(x) = x**3 - x**2 + 1. Let u be z(2). Let w(b) = 3 + 31*b**2 + b**3 - 72*b**2 + 0*b**3 + 0 + 36*b**2 - 2*b. What is w(u)?
-7
Suppose 5*x = 11 - 16. Let h(s) = 4*s**2 - 3*s**2 + 1 - 3*s + 4*s - 3*s**3. Determine h(x).
4
Let b(f) = -f**3 + 6*f**2 - 5*f + 26. Let s be b(6). Let x(h) = -2*h**2 + h - 1. What is x(s)?
-37
Let v(j) = -j**3 - 2*j**2 + j - 3. Let t(u) = 2*u**3 + 5*u**2 - 3*u + 5. Let b(x) = -3*t(x) - 5*v(x). Let y = -345 - -340. What is b(y)?
-20
Let x(r) = 0*r**2 - 2 + 2*r + 3 - 4*r + r**2. Suppose -5*w + d + 3*d = -15, 2*d - 3 = -w. Calculate x(w).
4
Let f(o) = -5*o**2 + 10*o + 7. Let k(w) = 4*w**2 - 9*w - 6. Let t = 27 + -24. Let h be (6 + t)*(-4)/(-6). Let z(g) = h*k(g) + 5*f(g). What is z(-2)?
3
Let w be (-2)/5 - 4/(-10). Let g(z) = -7 + 1 + w*z - z - 6*z**2 - z**3. Let x(t) = t**2 - 16*t - 6. Let h be x(16). What is g(h)?
0
Let w(b) be the first derivative of b**5/120 - b**4/6 + b**3/3 - 7. Let u(f) be the third derivative of w(f). Give u(5).
1
Let x(o) = o. Let w(u) = 11*u. Let d(i) = -w(i) - 6*x(i). Calculate d(-1).
17
Let v(u) = u**3 + 5*u**2 + 4*u + 2. Let z(h) = h**2 - 10*h + 12. Suppose -45 = -2*o - 3*o. Let n be z(o). Suppose 0*m - m + w = n, -2*w = m + 6. Calculate v(m).
2
Let j(o) = o**2 - 10*o - 7. Let t be j(11). Suppose -w = 5*n - 30, -t*w + 18 = -n + 3. Let x(m) = -5 - 119*m + m**3 + 0 + 123*m + w*m**2. What is x(-4)?
-5
Let s(w) = 2*w - 6. Let n be s(3). Let b be 19/7 + (-2)/(-7). Suppose -b*z - 29 = 5*f, 0 = -f - n*f - 5*z - 19. Let u(p) = -p. Give u(f).
4
Let c = 26 - 33. Let q(n) be the first derivative of n**4/4 + 2*n**3 - 3*n**2 + 3*n - 13. Give q(c).
-4
Let w(o) = -15*o. Let y be 0 + 1 - -2*1/(-2). Suppose y = -8*q - 6 - 2. Calculate w(q).
15
Let j(m) be the first derivative of m**3/3 + 13*m**2/2 - 17*m + 316. Calculate j(-12).
-29
Let z(b) = -b**3 + 6*b**2 + 6*b + 2. Suppose 2*d = 5*l - 37, -4*d - 2 = 4*l - 26. Let u be z(l). Let c(v) = v**2 + 3*v - 6. What is c(u)?
4
Let x(o) be the third derivative of -o**4/12 + 2*o**3/3 + 2*o**2. Let u(f) = f - 3. Let s be u(5). Suppose -s*c - 3*c = -25. Give x(c).
-6
Let z(k) = -k - 1. Let x be 0 - ((-6)/2 + (-6 - -18)). Let d(l) = -l**3 - 10*l**2 - 9*l - 1. Let s be d(x). Give z(s).
0
Let h(o) = o + 15. Let b be 1/(((-1)/(-1))/(-1))*10. Calculate h(b).
5
Suppose q + n = 2 - 5, 4*q + 3*n + 9 = 0. Let d(o) be the third derivative of 0*o + 1/12*o**4 - 1/6*o**3 - 13/60*o**5 + 4*o**2 + q. What is d(1)?
-12
Let w(r) = -2*r**3 + 2*r**2 - 1. Suppose -2 = -5*j + 3*j - m, 5*m - 10 = 0. Let f be (j - 0)/(2 - 3). Suppose f = 2*t - 5*t + 6. What is w(t)?
-9
Let p be (-10)/(-15) - 7/(-3). Let o(d) be the third derivative of -d**6/120 + d**5/60 + d**4/8 + d**3/3 - d**2 - 22. Determine o(p).
-7
Let n(j) be the first derivative of j**2/2 - j + 60. Calculate n(5).
4
Let z be (-16)/(-7) - 4/14. Suppose 30 = 2*s - 2*u, -s + 4*u + 50 = z*s. Let b(q) = q + s + 6*q - 5*q. Give b(-7).
-4
Let w be 21/(-6*(-4)/16) + 3. Let h(m) = 11*m + 14. Let j(n) = -4*n - 5. Let f(k) = w*j(k) + 6*h(k). Calculate f(-1).
1
Let j(c) be the second derivative of c**3/3 - c**2/2 - 121*c - 1. Suppose 3*k - 3 = 3. Calculate j(k).
3
Let f(x) = -x**2 - 3*x + 1. Let z be f(-4). Let n(c) = 4*c + 16*c - 14*c - 11*c + 4. Calculate n(z).
19
Let j(w) = -12*w - 20. Let a(f) = 2*f + 4. Let p(t) = 14*a(t) + 3*j(t). Give p(-3).
20
Let q(k) = 13*k + 15. Let w(h) = 30*h + 31. Let x(t) = 5*q(t) - 2*w(t). What is x(-7)?
-22
Let i(j) be the second derivative of -j**4/12 + j**3/3 - j**2 - j - 19. What is i(2)?
-2
Let l(b) = 5*b - 25*b + 0*b. Determine l(-1).
20
Let t(y) = 5*y**3 + 7 + 3*y**2 + y + 6 - 6. Let c = -322 - -318. Let s(o) = 4*o**3 + 4*o**2 + 2*o + 7. Let x(p) = c*s(p) + 3*t(p). Give x(-6).
-13
Let p(z) = -48*z**2 - 30*z + 15. Let q(t) = 22*t**2 + 14*t - 7. Let u(r) = -6*p(r) - 13*q(r). Determine u(4).
25
Let g(i) = -i**3 - 5*i**2 + 2*i - 1. Let p = -73 - -76. Suppose -o + 5*b + 15 = 0, -b + p*b = -8. Determine g(o).
-11
Let k(g) = 2 - 5 + 2 - 5*g. Let s(v) = -v**3 + 15*v**2 - 12*v - 183. Let q be s(13). Give k(q).
4
Let s(z) = z**3 - 1. Suppose 11*v = 15*v - 12. Suppose 8 = 5*j + v*j. What is s(j)?
0
Let o(l) be the first derivative of l**4/4 + 2*l**3 + 5*l**2/2 - 4*l - 1. Suppose 3*m + 20 = -2*m. What is o(m)?
8
Let y(m) = m. Let o be ((-4)/1)/(-1)*1. Suppose 2*r = 3*v - 8, 0 = o*v - 2*r - 0*r - 12. Suppose -3*b - 22 + v = 0. Give y(b).
-6
Let r(n) = -n**3 + 5*n**2 + 5*n - 5. Suppose 13 = 2*k + 3*t, 3*t + 0 - 8 = -k. Suppose -k*j + 45 = 4*l, -5*j = -6*l + l. What is r(l)?
20
Suppose 5*g = -0*g + 75. Let b be -2*(0 - g/(-6)). Let r(y) = 7*y**2 + 3*y + 5. Let s(f) = f**3 - 2*f**2 - f. Let k(z) = r(z) + s(z). Give k(b).
-5
Let c(u) = -u**3 + 12*u**2 - 22*u + 9. Let x be (-10)/(-5) - 1 - -12 - 3. Give c(x).
-11
Let u(i) = -i**2 - i + 5. Let o be u(0). Suppose -3 - o = -2*s. Let p(l) = -s*l + 0 - 2 + 0. Calculate p(-2).
6
Let k(f) = -f - 2. Let s(t) = 3*t + 9. Let q(z) = -4*k(z) - s(z). What is q(-2)?
-3
Let n(s) be the second derivative of s**3/3 - 3*s**2/2 + 76*s. Determine n(3).
3
Let i(t) be the third derivative of t**6/120 - t**5/30 - t**4/24 + 7*t**3/6 - 21*t**2 + 7*t. What is i(0)?
7
Let y = 5 + 9. Let u(c) = 33*c**2 - 10*c**2 - y*c**2 - 10*c**2 + 3 - c. Determine u(3).
-9
Let o be (-1)/4 - (-5)/((-60)/(-27)). Let n(a) be the first derivative of 2*a + 1/2*a**2 - 9. What is n(o)?
4
Suppose 2*j + 3*m = 12, j + m = 3*m - 1. Let f(w) = 3 + 1 - j + w. Give f(0).
1
Let o(k) be the first derivative of k**2/2 + 7*k + 812. Suppose 3*r + 2*d + 36 = -3*d, 13 = -4*r + 5*d. Give o(r).
0
Let d be 3/24*6 - (-99)/(-36). Let v(k) = k**3 - 5*k**2 + 2*k + 2. Let u(r) = -3*r**3 + 11*r**2 - 5*r - 4. Let t(x) = 2*u(x) + 5*v(x). Calculate t(d).
-2
Let d(n) = -n**3 - 8*n**2 + 7*n - 11. Let q = -384 - -375. Determine d(q).
7
Suppose 50 = 4*c - 2*v, -17 = -c - 4*v - 0*v. Let d(b) = 0*b - 3 + 3*b - 2*b + c. Determine d(-6).
4
Suppose 0*k - 12*k = 12. Let n(w) = -3*w**2 + 3*w - 7. Let g(u) = u**2 + 1. Let l(a) = k*n(a) - 4*g(a). Calculate l(-3).
3
Let t(p) = p**3 - 4*p - 5. Let y = 1154 + -1156. Calculate t(y).
-5
Let r(p) be the third derivative of p**4/12 + p**3/3 - 4*p**2 - 14. Determine r(-1).
0
Suppose 73*u = 71*u + 6. Suppose 5*i - u + 0 = 4*a, -5*i - 3*a = 11. Let w(g) = 10*g**3 + 1. Determine w(i).
-9
Let a be (12/(-10))/(5/(350/21)). Let m(s) = s**2 + 3*s + 6. Give m(a).
10
Let n(z) = -4*z + 87. Let d be n(22). Let w(x) = -13*x**2 - 2*x - 1. What is w(d)?
-12
Let s(c) = -2*c. Let x(a) = -4*a + 1. Let p(z) = 4*s(z) - 3*x(z). Let o(q) = -17*q + 11. L